53 = 0, 8*f + 3*k = 3*f + t. What is the tens digit of f?
1
What is the units digit of (2 - 3) + (-63)/(-3)?
0
Let n(y) = -y**3 + 3*y**2 + y - 3. Let x be 9*(-3)/27*-3. Let k be n(x). Let j(u) = u + 14. What is the tens digit of j(k)?
1
Let o(k) = k**2 - 3*k - 8. Let h be o(6). Let t be (18/12)/((-2)/8). Let p = t + h. What is the units digit of p?
4
Let q(s) = s**2 - s - 1. Let p be q(-1). What is the units digit of 0/(-3)*p - -6?
6
Let o = 3 - 2. Let n be (144/(-30))/(o/5). Let j = -14 - n. What is the units digit of j?
0
Let w(d) = d**3 - d**2 - d - 1. Let l(p) = 5*p**3 - p**2 - 8*p. Let r(c) = l(c) - 6*w(c). What is the units digit of r(4)?
4
Let u = -14 - -15. What is the tens digit of (24 - (-1 - -2)) + u?
2
Suppose -3*k - 3*q + 9 = 0, k + 1 = -4*q - q. Suppose 2*v - k = -0*v. Suppose -17 = -v*d - 3. What is the units digit of d?
7
Suppose -7 = -4*s + 1. Let k be (1/2)/(s/40). Suppose 0 + k = 5*w. What is the units digit of w?
2
Let g be (-2 - (-18 - 1)) + 0. Suppose -3*t - 5 + g = 0. Suppose -5*o = 5*j - 25, -t*j - j = 20. What is the units digit of o?
9
Suppose -2*j + 476 = 4*l, 5*j - 2*l - 12 = 1190. What is the units digit of j?
0
Let l(k) = k**2 - 7*k - 19. What is the units digit of l(-6)?
9
Let y(w) = w**3 - 5*w**2 + w + 5. What is the tens digit of y(5)?
1
Let w = 21 + 20. Suppose -5*b + 19 = -w. What is the tens digit of b?
1
Suppose -5*n - 4*t - 11 = 21, 0 = -2*n + 3*t + 1. What is the units digit of 24 + n - 0 - 3?
7
Let x = 6 + -3. Suppose 0 = -x*n - 7 - 5. What is the tens digit of -13*2*2/n?
1
Let u = 28 + -67. Let a = 69 + u. What is the units digit of 6/9 - a/(-9)?
4
Suppose -4 = j + 4*q, -4*j - 3*q + 2 = -2*j. Suppose -5*c + 4 = -j*c. What is the units digit of c?
4
Let h(f) = f**3 - 21*f**2 + 20*f + 15. What is the tens digit of h(20)?
1
Let g = 77 + -45. Let l be g/12*(-6)/(-4). Suppose -5*u + 87 = -2*m, l*u - 56 = 5*m - 0*m. What is the units digit of u?
9
Let j(q) = -q + 3. Suppose -t = 4*t - 30. Let x be (-4)/(-14) - t/21. What is the units digit of j(x)?
3
Suppose 0 = -r - 0*r + 54. Suppose 2*u + 3*j = 5*u - r, 5*j = 4*u - 74. What is the tens digit of u?
1
Suppose -4 = 2*o - 4*w, 0*o + 3*w - 21 = -3*o. Suppose 0*h = o*h - 56. What is the tens digit of h?
1
Suppose 0 = -t + 1. Let s be ((-2)/7)/(10/(-70)). Suppose 0 = -u + s*u - t. What is the units digit of u?
1
Let q be 9/(((-6)/(-4))/1). Let i = q - 3. Suppose -2*y + 5 + i = 0. What is the units digit of y?
4
Suppose -144 = -2*h - 2*h. What is the units digit of h?
6
Suppose -3*u = -0*u - 12. Suppose 3*z - 1 - 17 = 3*m, z = -u*m - 14. Suppose 0 = -0*n - z*n + 18. What is the units digit of n?
9
Let n(i) = 3*i + 2. Let k be n(-4). Let q = k + 24. What is the units digit of q?
4
Let d(j) = 3*j - 6. Let a(r) = 10*r - 19. Let t(c) = 2*a(c) - 7*d(c). What is the tens digit of t(-13)?
1
Let n be 1/(-5) + 26/5. Suppose 2*b - 3*a + 6 = a, n*b + 3*a = 37. Suppose -b*t + 23 = -h, -6*t + 11*t = -3*h + 31. What is the units digit of t?
5
Let r be (1/3)/((-6)/(-846)). Suppose 3*o - r + 11 = 0. What is the tens digit of o?
1
Let y = -13 + 16. Suppose 3*t - 74 = 2*b + 22, t - y*b = 25. What is the units digit of t?
4
Let r(q) = 2*q**2 + 4*q - 1. Let o be r(-3). Suppose -2*z = 4*c - 96, 3*z + 0*z - 111 = o*c. What is the units digit of z?
2
Suppose -2*f - 5*u + 33 = 0, 0 = -5*f + 2*u + 2*u. Suppose f*n = 14 + 6. What is the units digit of n?
5
Let k = 0 - -107. What is the hundreds digit of k?
1
What is the tens digit of (1/((-4)/92))/(-1)?
2
Let k = 6 + -3. Let t(l) = -l**3 - k*l**2 + l - 2 + 3 - 3*l. What is the units digit of t(-3)?
7
Let t be -1*5*6/(-15). Suppose 0*i = t*i. Suppose i = 2*a - a - 7. What is the units digit of a?
7
Let m = -1 - -1. Suppose 4*c - 5*o - 3 = 15, -4*c + 3*o + 22 = m. Suppose -c*d + 25 = -2*d. What is the units digit of d?
5
Let q(a) = 2*a**2 + 2*a - 2. Let o be q(-2). Let g = 8 + o. What is the tens digit of g?
1
Suppose -z + 1 = -4. Suppose 1 = q - z*j + 3, 3*j - 15 = -4*q. Suppose 2*v + 16 = 4*w, 0*w - v - 14 = -q*w. What is the units digit of w?
6
Suppose -8*r = -9*r + 184. What is the tens digit of r?
8
Let d = -1 - -2. Suppose -w + d = n, w + 30 = 2*n - 4*w. Suppose -25 + n = -4*h. What is the units digit of h?
5
Suppose -20*l + 18*l + 240 = 0. Suppose -49 - 105 = -4*u - 2*y, 3*u - 3*y - l = 0. What is the units digit of u?
9
What is the units digit of -6 + (-10)/2 + 203?
2
Let q(p) = -2*p**3 - 6*p**2 + 5*p + 11. What is the units digit of q(-5)?
6
Let f = -2 - -3. Let j be (-3 - 9) + f - -1. What is the units digit of (32/j)/(1/(-5))?
6
What is the tens digit of 200/12*9/6?
2
Let s(i) = -i**2 + 9*i + 4. Let q be s(5). What is the tens digit of 27/2 + q/(-16)?
1
Suppose 118 = 5*f - 102. What is the tens digit of f?
4
Let n(q) = -q**3 + 7*q**2 + 4*q + 4. Let y(a) = a**3 - 7*a**2 - 5*a - 4. Let s(d) = 5*n(d) + 4*y(d). What is the tens digit of s(5)?
5
What is the tens digit of -3 + 3 + -2 + 24?
2
Let j = -11 - -28. What is the units digit of j?
7
Let j(n) be the third derivative of 5/6*n**3 + 0 - 1/60*n**5 + 0*n + n**2 + 11/24*n**4. What is the units digit of j(10)?
5
Suppose 2*g + 1565 + 16 = 5*f, 4*g = -12. What is the units digit of f?
5
Let t = -25 + 12. Let f be ((-2)/(-4))/((-2)/(-72)). Let a = f + t. What is the units digit of a?
5
Suppose -5*l - 11 = 19. Let p be 2 + -6 + 1/(-1). What is the units digit of p/(15/l) - -3?
5
Suppose 34 = j - 22. What is the tens digit of j?
5
Let m be 6 - (-2 + -1 + 5). Let l = m + -2. What is the units digit of l?
2
Let v be (-1 + 2)/(2/4). Let a = -52 + 54. What is the units digit of 4/(4/a)*v?
4
Let c(o) = o**3 + 8*o**2 + 6*o. Suppose -2*y - 5*p - 2 = 12, -5*y = -2*p + 35. Let t be c(y). Let a = 12 - t. What is the units digit of a?
5
Suppose -5*p + p + 5*t + 348 = 0, 0 = -4*p - 4*t + 384. What is the tens digit of p?
9
Suppose 0 = 3*a + 6 - 0. Let w = a + 12. What is the units digit of w?
0
Let d(x) = x + 2. Suppose 0 = 2*g - 3 - 7. What is the units digit of d(g)?
7
Let f(m) = -m**3 + 2*m**2 + 2*m. Let p be (-1)/(1/(2/(-2))). Let u = 3 - p. What is the units digit of f(u)?
4
Suppose c + 5 = s + 3*s, -5*s = 3*c + 15. What is the units digit of 7 + (6/(-2) - s)?
4
What is the hundreds digit of -394*(5 - (-55)/(-10))?
1
Let b be (12/9)/((-6)/(-9)). Suppose 0 = -4*q + 4*d + 56, -b*d + 1 - 14 = -q. What is the units digit of q?
5
Let w be (-2)/(-4) + 36/8. Suppose 2*o + 54 = 2*i, -60 = -i - i + w*o. What is the tens digit of i?
2
Suppose -3 = 3*t, -3*t = -4*i + 6 - 31. Let j be 9 + -2 + 3 + 1. Let f = j + i. What is the units digit of f?
4
Let u(p) = p**3 - 9*p**2 - 9*p - 9. Let b be u(10). Let n = 7 - 11. What is the units digit of 54/8 - b/n?
7
Suppose 0 = 14*b - 10*b - 508. What is the hundreds digit of b?
1
Suppose -5*m + 5*s + 850 = 0, 26 = -2*m - 3*s + 341. What is the hundreds digit of m?
1
Let g be 1*((0 - 1) + 2). Let j = g + 1. What is the units digit of (-25)/(-9) + j/9?
3
What is the units digit of (-8 + 10)/((-2)/(-9))?
9
Suppose 0 = -o + 3 + 1. Suppose -13 = -o*d + 11. What is the units digit of d?
6
Suppose s - 60 = -2*s. What is the units digit of s?
0
Suppose -9*n + 6015 = 6*n. What is the tens digit of n?
0
Suppose -5*y + 136 = -424. What is the tens digit of y?
1
Let z(p) = -p + 8. Let m be z(4). Suppose 0 = 5*j - 2*d - 28, 21 - 5 = -m*d. What is the units digit of j?
4
Let l = -13 - -77. Let q = l - 38. What is the units digit of q?
6
Let s be 7 + -1 + (-4 - -2). Suppose 2*k + 2*k = -s*o + 136, -k = 4*o - 37. What is the tens digit of k?
3
Suppose 5*w - 12 + 2 = 0. Suppose 2*c + 3*c = 20. Let o = w + c. What is the units digit of o?
6
Suppose 0 = 4*y - 13 + 5. Suppose 16 = -y*z + 82. Suppose -n - 7*b + 2*b = -z, 2*b - 26 = -2*n. What is the units digit of n?
8
Let i = -12 + 41. What is the tens digit of i?
2
Suppose -4*f = -3*n + 453, 0 = 2*f + 2 + 4. What is the hundreds digit of n?
1
Let y = 3 + 37. What is the tens digit of y?
4
Let l(s) = s**3 - 4*s**2 + 6*s. What is the tens digit of l(5)?
5
Let a(s) = s**2 + 7*s - 1. Let d be a(-6). Let o = d + 20. What is the tens digit of o?
1
Let q(j) = 5 - 6*j + j**3 - 3*j**2 - 1 + 1. Let y be q(4). Let n = 4 + y. What is the units digit of n?
1
Suppose 2*y - 23 + 3 = 0. Let t be (-12)/30 - (-34)/y. What is the units digit of t + -2 + 